= -y - c*v + 86 - 8, v + 166 = 2*y. What are the prime factors of y?
2, 41
Suppose -105*k - 75455 + 100486 + 89944 = 0. List the prime factors of k.
3, 5, 73
Let d(r) = 68*r + 134. Suppose -8*q = 8*q - 128. List the prime factors of d(q).
2, 3, 113
Let a = 12484 - 3057. What are the prime factors of a?
11, 857
Suppose -q = 94 - 128. Let k = q - -30. List the prime factors of 10408/k - (3/(-8))/1.
163
Let a be 3 + -4 - (-11 - -5). Suppose -g + 2*j - 5*j = -268, -a*g = 5*j - 1290. What are the prime factors of g?
11, 23
Let h be 27/18 - 6*(-3)/(-12). Suppose 2*c = 5*o + 6, o = 2*c - 6 - h. Suppose -2 = -2*w + w, 2*i + 3*w - 186 = o. List the prime factors of i.
2, 3, 5
Suppose -107*n + 572 = -118*n. What are the prime factors of (6 + n/8 + 78)*18?
3, 5, 31
Let p = 22 - 91. Let n = p + 492. List the prime factors of n.
3, 47
Let j(w) be the third derivative of -5*w**4/12 + 13*w**3/6 + 37*w**2. Let l be 3/((-4)/((-64)/(-6))). What are the prime factors of j(l)?
3, 31
Let z(n) = -n**3 + 11*n**2 - 9*n + 3. Let p be z(12). Let k = p - -262. What are the prime factors of k?
13
Let u = 498 + -269. Let f = 388 - u. What are the prime factors of f?
3, 53
Let t = -70 - -66. Let s(u) = -91*u + 27. What are the prime factors of s(t)?
17, 23
Suppose 0 = 13*w - 19 + 136. Let c be (w + 120)/(3/2). Let u = c + -27. What are the prime factors of u?
47
Suppose -k + 10 = 5*d, 0 = d + 4*d - 3*k - 10. Let b be 2386 - (0/5)/d. What are the prime factors of 1/6 + -3 + b/12?
2, 7
What are the prime factors of (-3)/(6/(-11312))*(-22)/28*-14?
2, 7, 11, 101
Let y be (114 + -2)*5 - -1. Let o = -403 + y. List the prime factors of o.
2, 79
Let x = -83 + 290. Suppose 0 = 3*c + k - 499, k = 2*c - x - 119. What are the prime factors of c?
3, 5, 11
Suppose -42*d = -44*d - 60. What are the prime factors of (-456)/10*20/d*5?
2, 19
Let d(j) = -j**3 + 33*j**2 + 4*j - 91. What are the prime factors of d(-13)?
13, 587
Let m = 970 - -199. Suppose 0 = -3*u + 3*a - 3, 36*u - 34*u = -3*a + 33. Suppose -m = -u*z - z. List the prime factors of z.
167
Suppose 4*f + 9 = 7*f. Let m(o) = o**3 - 4*o + 6. Let a be m(f). Suppose -2*j + 87 = -a. What are the prime factors of j?
2, 3
Let u be (4/(-26) - 60/(-52))*0. List the prime factors of 1070 - (u - -2)*1.
2, 3, 89
Let n(j) = 31*j**2 + 590*j + 83. What are the prime factors of n(-46)?
17, 2267
Suppose -4*x + 5*k + 5 = -0*k, -12 = -4*k. Suppose 3*v - 10 = -2*y + 13, 49 = x*y - v. Let h(s) = 5*s - 45. What are the prime factors of h(y)?
5
Suppose -2*x + 4*b + b - 19 = 0, -2*b + 22 = -2*x. List the prime factors of (1233/(-6))/(x/8).
137
List the prime factors of -2924*((-35)/42 - 20/48).
5, 17, 43
Suppose -2871 = -7*a - 904. Suppose 0 = 5*v + 3*q - 6501, -1578 + a = -v + q. List the prime factors of v.
3, 433
Let b = -85 + 85. Suppose -11 = q - 5*w, 3*w + b*w = 5*q + 33. Let m(h) = -36*h - 18. List the prime factors of m(q).
2, 3, 11
Let x = 703 + -699. Suppose -x = k, 4*k - 1885 + 677 = -3*n. What are the prime factors of n?
2, 3, 17
Suppose -3*t + 6*t = -753. Let f = 444 - t. What are the prime factors of f?
5, 139
Suppose 6*w = -6, 8*w - 236843 = -5*i + 11*w. What are the prime factors of i?
2, 31, 191
Let h = 18457 - 12578. What are the prime factors of h?
5879
Suppose -1435550 = -79*a + 29*a. List the prime factors of a.
28711
Let w be 16 - (10/14 - (-4)/14). Let p(j) = 20*j + 65. List the prime factors of p(w).
5, 73
Suppose -33*j + 19*k = -37*j + 331802, -6 = 3*k. List the prime factors of j.
2, 5, 17, 61
Let h(g) = g**3 - 8*g**2 + 5*g + 13. Let k be h(7). Let b = 17 + k. Let s = b - 5. What are the prime factors of s?
11
Let q(d) = 2*d**3 + 2*d**2 - 9*d - 30. Let g be q(7). Let j = g - 106. List the prime factors of j.
3, 5, 13
Let i be (-6)/(-15)*(202 - -3). Let w be -2*(-3)/6*i. What are the prime factors of ((-6)/4 - -2)*w?
41
Suppose 6*h = 1454 - 7796. Let z = 1937 + h. Suppose 10*u - 80 - z = 0. List the prime factors of u.
2, 3
Let w = -18 + 54. Suppose 2*d + 2*d = 4*h - 48, -3*d = 5*h + w. Let c(j) = -6*j + 16. List the prime factors of c(d).
2, 11
Let m(x) = 97*x**2 - 43*x - 171. Let j(s) = -s + 1. Let n be j(5). List the prime factors of m(n).
1553
Suppose -178 = -3*h - 3*r + 1220, -r - 1 = 0. What are the prime factors of h?
467
What are the prime factors of 2/(-9) - (-216832)/99?
2, 3, 5, 73
Let o = -33 + 263. Suppose 12 = -3*k, -3*k - 568 = -2*u + o. List the prime factors of u.
3, 131
Suppose -10*z = 10*z - 8540. Let n = z - 99. What are the prime factors of n?
2, 41
Let s(h) = 14*h**2 + 2*h + 21. Let f be s(6). Let k be (-5 + 1)*f/(-6). Suppose 2*o + 4*z - k = 0, -5*o - z + 930 = 2*z. What are the prime factors of o?
3, 7
Let i(j) = 18*j**3 - 2*j**2 + 101*j - 853. List the prime factors of i(9).
2, 1627
Suppose -6*k = -4*j - 9*k + 4150, 5*j = 4*k + 5172. Suppose 4*l - j = -4*h, -3*l + 3*h + 393 = -408. What are the prime factors of l?
263
Suppose -4*k + 52 = -8*k. Let i = k + 15. Suppose 0 = -i*c - 46 + 132. What are the prime factors of c?
43
Suppose x - 7 = -4. Let v be 4 + (2 - x) + -15. List the prime factors of ((-26)/(-4))/(2 - (-22)/v).
3, 13
Let z = 7980 - -433. What are the prime factors of z?
47, 179
Suppose 54*l - 20545 - 38315 = 0. List the prime factors of l.
2, 5, 109
Let j = -6655 - -10527. Let l be (-2)/(-3) - j/66. Let w = l + 91. List the prime factors of w.
3, 11
Suppose -41130 = -23*g + 43533. What are the prime factors of g?
3, 409
Let d = 20 + 10. Suppose 0 + d = 5*j. Suppose 0 = j*t + 376 - 1618. What are the prime factors of t?
3, 23
Let p = 65212 - 25102. What are the prime factors of p?
2, 3, 5, 7, 191
Let g(u) = 781*u - 1874. List the prime factors of g(7).
3593
Let p(q) = -q + 11. Let v(l) = 3*l - 23. Let c(j) = 4*j + 13. Let h be c(0). Let b(y) = h*p(y) + 6*v(y). What are the prime factors of b(16)?
5, 17
Let b(s) = -7*s - 8*s + 28 + 8*s + 5*s**2. What are the prime factors of b(5)?
2, 59
Let l = 99890 - 48208. What are the prime factors of l?
2, 25841
Let g = 27650 - 11189. What are the prime factors of g?
3, 31, 59
Let f = 11 + 5. Suppose c = -c + f. List the prime factors of (4 + 0)/(c/468).
2, 3, 13
Suppose 76 = -2*o + 21*o. Suppose 5*q + r - 436 = 0, 3*r + 150 + 214 = o*q. List the prime factors of q.
2, 11
List the prime factors of (-96)/40*(-7135)/3.
2, 1427
Suppose 36*n = 47*n - 385. Suppose 7895 = n*b - 33965. What are the prime factors of b?
2, 13, 23
Let k(v) = -2*v**3 - 71*v**2 - 56*v - 147. List the prime factors of k(-40).
16493
Suppose 1023 = 25*w - 24*w. Let o = 1522 - w. Suppose -o + 59 = -5*n. What are the prime factors of n?
2, 11
Let a(g) = -g**3 + 3*g**2 - 9*g - 10. Let h be a(9). Let y = -353 - h. List the prime factors of y.
2, 7
Let j(n) = -2*n**3 - 93*n**2 + 11*n + 283. What are the prime factors of j(-48)?
59, 113
Suppose -58*w = -57*w - 541. Suppose 0 = 3*l - 17*n + 13*n - w, 2*l = 5*n + 363. What are the prime factors of l?
179
What are the prime factors of ((-16702)/3)/(3 + (-20)/6)?
2, 7, 1193
Suppose 3*s = 2*i + 2720, -17*i = -5*s - 14*i + 4535. What are the prime factors of s?
2, 5, 7, 13
Suppose -112*w + 111*w - 10678 = -s, -4 = 4*w. What are the prime factors of s?
3, 3559
Suppose -2*a - 2 = -0. Let m(o) = -152*o**3 + 3*o**2 + 2*o + 1. Let i be m(a). What are the prime factors of 3/6*1*i?
7, 11
Suppose -54*p + 78*p = 44*p - 128300. What are the prime factors of p?
5, 1283
Suppose 0 = -2*o + 4*z + 24, 3*o - 34 + 6 = 4*z. Suppose -f = o*u - 7252, -21 = -2*f - 13. List the prime factors of u.
2, 3, 151
Suppose 0 = 107*m - 112*m - 4*o + 44650, 10 = -2*o. What are the prime factors of m?
2, 3, 1489
Suppose 24*d - 879164 = 2*d - 22*d. List the prime factors of d.
13, 29, 53
Suppose -6*h - h + 224 = 0. Suppose -11*g + h = -3*g. Suppose 0 = -9*o + g*o + 115. What are the prime factors of o?
23
Let h be 3*(-2)/(((-90)/228)/(-15)). Let d(b) = -18*b**2 - 3*b - 5. Let c be d(-5). Let q = h - c. What are the prime factors of q?
2, 53
Suppose 22*j - 13*j = 12*j - 23070. List the prime factors of j.
2, 5, 769
Let t(y) = 137*y**2 - 31*y - 95. List the prime factors of t(14).
11, 2393
What are the prime factors of (-36236)/(-8) - (3 - (-35)/(-10) - -3)?
3, 503
Suppose -3*m = -3 - 12. Let g be 49/343 + (-785)/7 + -2. List the prime factors of 3*g/(-9) + (4 - m).
37
Let s(h) be